{"id":427,"date":"2019-01-28T10:37:22","date_gmt":"2019-01-28T09:37:22","guid":{"rendered":"https:\/\/www.webitics.fr\/?page_id=427"},"modified":"2019-01-28T17:14:21","modified_gmt":"2019-01-28T16:14:21","slug":"politique-de-confidentialite","status":"publish","type":"page","link":"https:\/\/www.webitics.fr\/?page_id=427","title":{"rendered":"Politique de confidentialit\u00e9"},"content":{"rendered":"<h2><span style=\"font-weight: 400;\">Pr\u00e9ambule<\/span><\/h2>\n<p>WEBITICS <span style=\"font-weight: 400;\">traite des donn\u00e9es \u00e0 caract\u00e8re personnel (ci-apr\u00e8s les \u00ab Donn\u00e9es Personnelles) \u00bb vous concernant dans le cadre de l\u2019utilisation de ce site internet (ci-apr\u00e8s le \u00ab Site \u00bb).<\/span><\/p>\n<p><span style=\"font-weight: 400;\">En tant que responsable de traitement, nous sommes respectueux de la vie priv\u00e9e et nous prot\u00e9geons les donn\u00e9es \u00e0 caract\u00e8re personnel des utilisateurs de notre Site.<\/span><\/p>\n<p><span style=\"font-weight: 400;\">La pr\u00e9sente politique vise \u00e0 vous informer des modalit\u00e9s de collecte, de traitement et d\u2019utilisation de Vos Donn\u00e9es Personnelles et de vos droits en mati\u00e8re de protection des donn\u00e9es \u00e0 caract\u00e8re personnel au regard des dispositions applicables en la mati\u00e8re, notamment la loi 78-17 du 6 janvier 1978 relative \u00e0 l\u2019informatique, aux fichiers et aux libert\u00e9s dite \u00ab Informatique et libert\u00e9s \u00bb dans sa derni\u00e8re version et avec le RGPD (R\u00e8glement G\u00e9n\u00e9ral sur la Protection des Donn\u00e9es) en application depuis le 25 mai 2018.<\/span><\/p>\n<h2><span style=\"font-weight: 400;\">Champ d\u2019application de la pr\u00e9sente politique de protection des donn\u00e9es personnelles<\/span><\/h2>\n<p><span style=\"font-weight: 400;\">La pr\u00e9sente Politique \u00e9nonce les principes et lignes directrices pour la protection de Vos Donn\u00e9es Personnelles, ce qui inclut les Donn\u00e9es Personnelles collect\u00e9es sur &#8211; ou via &#8211; le Site.<\/span><\/p>\n<p>&nbsp;<\/p>\n<p>WEBITICS <span style=\"font-weight: 400;\">collecte des Donn\u00e9es Personnelles (exemple : en ligne, y compris par e-mail, ou hors connexion)<\/span><span style=\"font-weight: 400;\"> ; la pr\u00e9sente politique s\u2019applique quel que soit le mode de collecte ou de traitement.<\/span><\/p>\n<p>&nbsp;<\/p>\n<p><span style=\"font-weight: 400;\">La notion de Donn\u00e9es Personnelles d\u00e9signe toute information relative \u00e0 une personne physique identifi\u00e9e ou identifiable. Une personne est \u00ab identifiable \u00bb d\u00e8s lors qu\u2019elle peut \u00eatre identifi\u00e9e, directement ou indirectement, en particulier par r\u00e9f\u00e9rence \u00e0 un num\u00e9ro d\u2019identification ou \u00e0 un ou plusieurs \u00e9l\u00e9ments qui lui sont propres.<\/span><\/p>\n<p>&nbsp;<\/p>\n<p><span style=\"font-weight: 400;\">Les \u00ab Donn\u00e9es Non-Personnelles \u00bb correspondent \u00e0 des informations ne permettant pas d\u2019identifier une personne.<\/span><\/p>\n<h2><span style=\"font-weight: 400;\">Responsable du traitement<\/span><\/h2>\n<p><span style=\"font-weight: 400;\">Le responsable du traitement de Vos Donn\u00e9es Personnelles est Mr David PELLETIER, 33 quai Arloinf, 69100 Lyon\u00a0<\/span><span style=\"font-weight: 400;\">; certaines prestations techniques (H<\/span><span style=\"font-weight: 400;\">\u00e9bergement)<\/span><span style=\"font-weight: 400;\"> sont confi\u00e9es \u00e0 nos prestataires techniques. Conform\u00e9ment \u00e0 l\u2019Article 28 du RGPD, ce prestataire est li\u00e9 par une clause de stricte confidentialit\u00e9 qui lui interdit toute utilisation des donn\u00e9es qui lui sont confi\u00e9es non-pr\u00e9vue dans le contrat de prestation et qui lui impose de mettre en \u0153uvre les mesures techniques et organisationnelles qui satisfont aux exigences de s\u00e9curit\u00e9 et de protection des donn\u00e9es personnelles.<\/span><\/p>\n<h2><span style=\"font-weight: 400;\">S\u00e9curit\u00e9 et confidentialit\u00e9 des donn\u00e9es personnelles<\/span><\/h2>\n<p><span style=\"font-weight: 400;\">Nous consid\u00e9rons Vos Donn\u00e9es Personnelles comme confidentielles.<\/span><\/p>\n<p><span style=\"font-weight: 400;\">Nous nous effor\u00e7ons de prendre les mesures techniques raisonnables en vue de pr\u00e9venir d&rsquo;\u00e9ventuelles pertes ou d\u00e9tournements lors d&rsquo;une collecte ou d&rsquo;un stockage des donn\u00e9es que vous nous auriez communiqu\u00e9es, et emp\u00eacher toute communication \u00e0 des tiers non autoris\u00e9s.<\/span><\/p>\n<p><span style=\"font-weight: 400;\">Cependant, malgr\u00e9 ces mesures, Internet demeure un syst\u00e8me ouvert et nous ne pouvons garantir que des tiers non autoris\u00e9s ne pourront d\u00e9jouer les mesures en question ou utiliser Vos Donn\u00e9es Personnelles \u00e0 des fins ill\u00e9gitimes. En cons\u00e9quence, WEBITICS<\/span><span style=\"font-weight: 400;\">\u00a0ne saura \u00eatre tenue comme responsable en cas de r\u00e9cup\u00e9ration frauduleuse de vos donn\u00e9es pour quelque utilisation que ce soit.<\/span><\/p>\n<p><span style=\"font-weight: 400;\"><br \/>\n<\/span><span style=\"font-weight: 400;\">Le Site peut proposer des liens vers des sites Internet de tiers susceptibles de vous int\u00e9resser.<\/span><span style=\"font-weight: 400;\"><br \/>\n<\/span><span style=\"font-weight: 400;\">WEBITICS n&rsquo;exerce aucun contr\u00f4le sur le contenu de sites de tiers ou sur les pratiques de ces tiers en mati\u00e8re de protection des Donn\u00e9es Personnelles qu&rsquo;ils pourraient recueillir. En cons\u00e9quence, <\/span><span style=\"font-weight: 400;\">WEBITICS<\/span><span style=\"font-weight: 400;\">\u00a0d\u00e9cline toute responsabilit\u00e9 concernant le traitement par ces tiers de Vos Donn\u00e9es Personnelles. Il est de votre responsabilit\u00e9 de vous renseigner sur les politiques de protection des donn\u00e9es personnelles de ces tiers.<\/span><\/p>\n<h2><span style=\"font-weight: 400;\">Finalit\u00e9s de la collecte de donn\u00e9es<\/span><\/h2>\n<p><span style=\"font-weight: 400;\">Nous traitons vos donn\u00e9es en tout ou partie aux fins de :<\/span><\/p>\n<ul>\n<li style=\"font-weight: 400;\"><span style=\"font-weight: 400;\">vous permettre de naviguer sur nos Sites et Applications et d\u2019adapter nos contenus \u00e0 votre terminal \u00a0pour am\u00e9liorer votre navigation ;<\/span><\/li>\n<li style=\"font-weight: 400;\"><span style=\"font-weight: 400;\">m\u00e9moriser les informations que vous avez renseign\u00e9es au sein des formulaires (votre compte utilisateur par exemple) ;<\/span><\/li>\n<li style=\"font-weight: 400;\"><span style=\"font-weight: 400;\">vous permettre une utilisation interactive et personnalis\u00e9e des Sites et des Applications ;<\/span><\/li>\n<li style=\"font-weight: 400;\"><span style=\"font-weight: 400;\">analyser l\u2019audience et \u00a0la fr\u00e9quentation du Site ;<\/span><\/li>\n<li style=\"font-weight: 400;\"><span style=\"font-weight: 400;\">diffuser des publicit\u00e9s adapt\u00e9es \u00e0 vos centres d\u2019int\u00e9r\u00eats ;<\/span><\/li>\n<li style=\"font-weight: 400;\"><span style=\"font-weight: 400;\">analyser la performance de ces publicit\u00e9s ;<\/span><\/li>\n<\/ul>\n<p><span style=\"font-weight: 400;\">Les destinataires de Vos Donn\u00e9es Personnelles sont nos propres \u00e9quipes de gestion et nos prestataires techniques.<\/span><\/p>\n<h2><span style=\"font-weight: 400;\">Donn\u00e9es collect\u00e9es<\/span><\/h2>\n<h3><span style=\"font-weight: 400;\">Donn\u00e9es Personnelles<\/span><\/h3>\n<p><span style=\"font-weight: 400;\">Les Donn\u00e9es Personnelles peuvent inclure ce qui suit :<\/span><\/p>\n<ul>\n<li><span style=\"font-weight: 400;\">Nom ;<\/span><\/li>\n<li><span style=\"font-weight: 400;\">Pr\u00e9nom ;<\/span><\/li>\n<li><span style=\"font-weight: 400;\">Adresse \u00e9lectronique ;<\/span><\/li>\n<li><span style=\"font-weight: 400;\">Adresse postale ;<\/span><\/li>\n<li><span style=\"font-weight: 400;\">Num\u00e9ro de t\u00e9l\u00e9phone ;<\/span><\/li>\n<li><span style=\"font-weight: 400;\">G\u00e9olocalisation ;<\/span><\/li>\n<li><span style=\"font-weight: 400;\">Adresse IP ;<\/span><\/li>\n<\/ul>\n<p>&nbsp;<\/p>\n<p><span style=\"font-weight: 400;\">Et toute autre Donn\u00e9e Personnelle pouvant s\u2019av\u00e9rer pertinente aux fins \u00e9nonc\u00e9es ci-apr\u00e8s.<\/span><\/p>\n<h3><span style=\"font-weight: 400;\">Cookies et autres traceurs<\/span><\/h3>\n<p><span style=\"font-weight: 400;\">Les cookies, ou autres traceurs similaires, sont des fichiers utilis\u00e9s par un serveur pour dialoguer avec le navigateur. Les cookies permettent d\u2019envoyer des informations d\u2019\u00e9tat lorsqu\u2019un utilisateur consulte un site. Les informations d\u2019\u00e9tat peuvent \u00eatre par exemple un identifiant de session, une langue, une date d\u2019expiration, un domaine de r\u00e9ponse, etc. Les cookies permettent de conserver, pendant leur dur\u00e9e de validit\u00e9, des informations d&rsquo;\u00e9tat lorsqu\u2019un navigateur acc\u00e8de aux diff\u00e9rentes pages d&rsquo;un site Web ou lorsque ce navigateur retourne ult\u00e9rieurement sur ledit site. Seul l\u2019\u00e9metteur d\u2019un cookie peut lire ou modifier les informations qui y sont contenues. Il existe diff\u00e9rents types de cookies :<\/span><\/p>\n<ul>\n<li style=\"font-weight: 400;\"><span style=\"font-weight: 400;\">des cookies de session qui disparaissent d\u00e8s que vous quittez le navigateur ou le site ;<\/span><\/li>\n<li style=\"font-weight: 400;\"><span style=\"font-weight: 400;\">des cookies permanents qui demeurent sur votre terminal jusqu\u2019\u00e0 expiration de leur dur\u00e9e de vie (au maximum 12 mois) ou jusqu\u2019\u00e0 ce que vous les supprimiez \u00e0 l\u2019aide des fonctionnalit\u00e9s de votre navigateur.<\/span><\/li>\n<\/ul>\n<p><span style=\"font-weight: 400;\">Vous pouvez acc\u00e9der \u00e0 votre <\/span><span style=\"font-weight: 400;\">panneau de gestion des cookies<\/span><span style=\"font-weight: 400;\"> afin de param\u00e9trer le d\u00e9p\u00f4t et la lecture de cookies.<\/span><\/p>\n<h2><span style=\"font-weight: 400;\">Comment d\u00e9sactiver les cookies ?<\/span><\/h2>\n<h3><span style=\"font-weight: 400;\">Param\u00e9trages du navigateur<\/span><\/h3>\n<p><span style=\"font-weight: 400;\">L\u2019installation de certains cookies est soumise \u00e0 votre consentement. Lors de votre premi\u00e8re visite sur le Site, <\/span><span style=\"font-weight: 400;\">un bandeau d\u2019information<\/span><span style=\"font-weight: 400;\"> s\u2019affiche vous indiquant qu\u2019en continuant votre navigation sur le site, les cookies susvis\u00e9s seront install\u00e9s sur votre \u00e9quipement.<\/span><\/p>\n<p><span style=\"font-weight: 400;\">Les cookies ou traceurs permettent de b\u00e9n\u00e9ficier pleinement des fonctionnalit\u00e9s du Site. Si votre navigateur est configur\u00e9 de mani\u00e8re \u00e0 refuser l&rsquo;ensemble des cookies ou traceurs, cela peut emp\u00eacher l\u2019utilisation de certains de nos services, ce dont WEBITICS<\/span><span style=\"font-weight: 400;\">\u00a0ne saurait \u00eatre responsable.<\/span><\/p>\n<h3><span style=\"font-weight: 400;\">Formulaire de contact<\/span><\/h3>\n<p><span style=\"font-weight: 400;\">Les donn\u00e9es sont transmises par l\u2019usager du site qui souhaite adresser une remarque ou un signalement. Les informations recueillies \u00e0 partir de ce formulaire sont transmises au service en charge de g\u00e9rer les remarques sur le site <a href=\"http:\/\/www.webitics.fr\" target=\"_blank\" rel=\"noopener\">www.webitics.fr<\/a><\/span><span style=\"font-weight: 400;\">. La dur\u00e9e maximale de conservation de vos donn\u00e9es est de 24 mois.<\/span><\/p>\n<h2><span style=\"font-weight: 400;\">Vos droits<\/span><\/h2>\n<p><span style=\"font-weight: 400;\">Conform\u00e9ment aux dispositions de la R\u00e9glementation applicable en mati\u00e8re de protection des donn\u00e9es personnelles, vous disposez notamment d\u2019un droit d\u2019acc\u00e8s, de rectification, d\u2019effacement des donn\u00e9es vous concernant et du droit d\u2019obtenir une copie des donn\u00e9es personnelles que nous d\u00e9tenons sous un format \u00e9lectronique structur\u00e9 (portabilit\u00e9).<\/span><\/p>\n<p><span style=\"font-weight: 400;\">Vous disposez \u00e9galement d\u2019un droit d\u2019opposition pour motif l\u00e9gitime \u00e0 ce que les donn\u00e9es \u00e0 caract\u00e8re personnel vous concernant fassent l\u2019objet d\u2019un traitement, et d\u2019un droit d\u2019opposition \u00e0 ce que vos donn\u00e9es soient utilis\u00e9es \u00e0 des fins de prospection notamment commerciale.<\/span><\/p>\n<p><span style=\"font-weight: 400;\">Vous pouvez exercer vos droits en nous adressant vos demandes par courrier postal \u00e0 l\u2019adresse suivante WEBITICS &#8211; 33 Quai Arloing 69009 LYON<\/span><span style=\"font-weight: 400;\">\u00a0<\/span><span style=\"font-weight: 400;\">ou directement sur notre formulaire de contact.\u00a0<\/span><\/p>\n<p><span style=\"font-weight: 400;\">Nous nous engageons \u00e0 r\u00e9pondre \u00e0 ces demandes dans un d\u00e9lai <\/span><span style=\"font-weight: 400;\">de 48h (exemple : <\/span><span style=\"font-weight: 400;\">d\u2019un mois \u00e0 compter de la r\u00e9ception de la demande)<\/span><span style=\"font-weight: 400;\">. Ce d\u00e9lai peut \u00eatre prolong\u00e9 de deux mois, selon la complexit\u00e9 et le nombre de demandes re\u00e7ues.<\/span><\/p>\n<p><span style=\"font-weight: 400;\">En cas de litige sur l\u2019exercice de vos droits, vous avez la facult\u00e9 d\u2019introduire une r\u00e9clamation aupr\u00e8s de la Commission Nationale de l\u2019Informatique et des Libert\u00e9s.<\/span><\/p>\n<h2><span style=\"font-weight: 400;\">Conservation des donn\u00e9es<\/span><\/h2>\n<p><span style=\"font-weight: 400;\">Nous ne conservons Vos Donn\u00e9es Personnelles que pour une dur\u00e9e n\u00e9cessaire et proportionn\u00e9e \u00e0 la finalit\u00e9 pour laquelle elles ont \u00e9t\u00e9 collect\u00e9es \u00e0 savoir pour une dur\u00e9e maximale de 3 ans \u00e0 compter du dernier \u00e9change que vous avez eu avec nous et effectu\u00e9 \u00e0 votre initiative (connexion \u00e0 votre compte notamment).<\/span><\/p>\n<p><span style=\"font-weight: 400;\">Au-del\u00e0 des p\u00e9riodes pr\u00e9cit\u00e9es, vos donn\u00e9es seront <\/span><span style=\"font-weight: 400;\">supprim\u00e9es (exemple : <\/span><span style=\"font-weight: 400;\">anonymis\u00e9es \u00e0 des fins statistiques ou purement supprim\u00e9es)<\/span><span style=\"font-weight: 400;\">.<\/span><\/p>\n<h2><span style=\"font-weight: 400;\">Mise \u00e0 jour de la pr\u00e9sente politique de confidentialit\u00e9<\/span><\/h2>\n<p><span style=\"font-weight: 400;\">La pr\u00e9sente politique de confidentialit\u00e9 est susceptible d\u2019\u00eatre modifi\u00e9e ou am\u00e9nag\u00e9e \u00e0 tout moment.<\/span><\/p>\n<p><span style=\"font-weight: 400;\">Vous \u00eates invit\u00e9s \u00e0 la consulter r\u00e9guli\u00e8rement.<\/span><\/p>\n<p>&nbsp;<\/p>\n<p><span style=\"font-weight: 400;\">Pour plus d\u2019informations pratiques sur l\u2019exercice de vos droits, nous vous recommandons de consulter le site de la <\/span><i><span style=\"font-weight: 400;\">Commission Nationale Informatique et Libert\u00e9s<\/span><\/i><span style=\"font-weight: 400;\">, et plus particuli\u00e8rement la page <\/span><a href=\"https:\/\/www.cnil.fr\/fr\/comprendre-vos-droits\"><span style=\"font-weight: 400;\">https:\/\/www.cnil.fr\/fr\/comprendre-vos-droits<\/span><\/a><\/p>\n<p>&nbsp;<\/p>\n<p><span style=\"font-weight: 400;\">Derni\u00e8re modification : <\/span><span style=\"font-weight: 400;\">28\/01\/21019<\/span><\/p>\n<p>&nbsp;<\/p>\n<p>&nbsp;<\/p>\n","protected":false},"excerpt":{"rendered":"<p>Pr\u00e9ambule WEBITICS traite des donn\u00e9es \u00e0 caract\u00e8re personnel (ci-apr\u00e8s les \u00ab Donn\u00e9es Personnelles) \u00bb vous concernant dans le cadre de l\u2019utilisation de ce site internet (ci-apr\u00e8s le \u00ab Site \u00bb). En tant que responsable de traitement, nous sommes respectueux de la vie priv\u00e9e et nous prot\u00e9geons les donn\u00e9es \u00e0 caract\u00e8re personnel des utilisateurs de notre [&hellip;]<\/p>\n","protected":false},"author":1,"featured_media":0,"parent":0,"menu_order":0,"comment_status":"closed","ping_status":"closed","template":"","meta":[],"acf":[],"_links":{"self":[{"href":"https:\/\/www.webitics.fr\/index.php?rest_route=\/wp\/v2\/pages\/427"}],"collection":[{"href":"https:\/\/www.webitics.fr\/index.php?rest_route=\/wp\/v2\/pages"}],"about":[{"href":"https:\/\/www.webitics.fr\/index.php?rest_route=\/wp\/v2\/types\/page"}],"author":[{"embeddable":true,"href":"https:\/\/www.webitics.fr\/index.php?rest_route=\/wp\/v2\/users\/1"}],"replies":[{"embeddable":true,"href":"https:\/\/www.webitics.fr\/index.php?rest_route=%2Fwp%2Fv2%2Fcomments&post=427"}],"version-history":[{"count":4,"href":"https:\/\/www.webitics.fr\/index.php?rest_route=\/wp\/v2\/pages\/427\/revisions"}],"predecessor-version":[{"id":433,"href":"https:\/\/www.webitics.fr\/index.php?rest_route=\/wp\/v2\/pages\/427\/revisions\/433"}],"wp:attachment":[{"href":"https:\/\/www.webitics.fr\/index.php?rest_route=%2Fwp%2Fv2%2Fmedia&parent=427"}],"curies":[{"name":"wp","href":"https:\/\/api.w.org\/{rel}","templated":true}]}}